+ 3*r + p, -2*r = -5*p - 33. Suppose -7*w + r*w = -162. List the prime factors of w.
2, 3
Suppose -q - 4 = 3*q. Let b = 4 + q. List the prime factors of -1 + (12 - (2 - b)).
2, 3
Let h = 28 + -16. Suppose 20 = 5*z + 3*g, 2*z + 3*g = 5*z - h. List the prime factors of z.
2
Let x be 9 - 3/3 - 3. Suppose x*v - 7*v = -12. List the prime factors of v.
2, 3
Suppose 3*s - 2*s = -2. Let y be (5 - s - -1) + -2. Suppose y*u - 4*u = 20. What are the prime factors of u?
2, 5
Suppose 0 = 8*b - 11*b + 387. List the prime factors of b.
3, 43
Let h(z) = z**2 + 8*z + 4. Let q be h(-7). Let b be 1/q + (-76)/(-12). List the prime factors of (-8)/12*b/(-2).
2
Suppose 0 = -5*p + 4*p + 3. Suppose -p*x - x = -60. List the prime factors of x.
3, 5
Suppose 0 = 8*z - 14*z + 204. What are the prime factors of z?
2, 17
Suppose -5*q = -4 - 1. Let o(d) = -q - d**2 + 0*d - 10*d - 6. What are the prime factors of o(-8)?
3
Let r(b) be the first derivative of 11*b**3/3 + b - 1. What are the prime factors of r(-1)?
2, 3
Suppose 0 = 2*g - 5*f - 92, -2*g + 4*f = g - 124. List the prime factors of g.
2, 3
Let z be (-3)/2*(-12)/18. Let t be z + 1 - (-82 + 0). List the prime factors of ((-2)/(-6))/(2/t).
2, 7
Let y(k) = -2*k + 10. Let t be y(9). Let o = 12 + t. Let l(a) = 2*a**2 - 3*a - 5. What are the prime factors of l(o)?
3, 5
Suppose -21*p + 1521 = -8*p. List the prime factors of p.
3, 13
Let j(x) = x + 5. List the prime factors of j(5).
2, 5
Let x(b) = b**3 - 5*b**2 - 4*b - 6. Let g(s) = -6*s. Let u be g(-1). List the prime factors of x(u).
2, 3
Let l = -15 + 10. Let x = l + -2. Let r(q) = q**3 + 6*q**2 - 9*q - 4. What are the prime factors of r(x)?
2, 5
List the prime factors of 6/42 + (-1 - (-40)/14).
2
Let d be -2 + (-7)/(1 + -2). Suppose 2*v = s - 3*s + 36, -2*v = d*s - 24. What are the prime factors of v?
2, 11
Let d = 118 + -46. What are the prime factors of d?
2, 3
Suppose -4 = u + 5*k + 3, 23 = u - 5*k. Suppose 50 = -u*h + 10*h. What are the prime factors of h?
5
Suppose -7*s + 4*s + 12 = 0. Let r be (3 + -7)/((-2)/s). List the prime factors of 0 + -1 - (-3 - r).
2, 5
Suppose 38 = s - 1. List the prime factors of s.
3, 13
Suppose -3*k - 2*v + 17 = 4, 2*k + 3*v - 12 = 0. What are the prime factors of (-1288)/(-42) - 2/k?
2, 3, 5
Let y = 8 - 5. Let r(h) = h**3 - 6 + 9*h + 7*h**2 - 2*h**y - h**2. What are the prime factors of r(7)?
2
Let j(m) be the second derivative of m**4/12 + m**3/3 - m**2/2 + 3*m. Let z be 3*4*3/(-9). List the prime factors of j(z).
7
Let p = -1 - 1. Let v be (5/(-2) - p)*-6. Suppose -v*c - 4*s + 3 = -1, s = 2*c - 10. What are the prime factors of c?
2
Let w(z) = -57*z**3 - 8*z - 3. Let o(p) = -19*p**3 - 3*p - 1. Let s(u) = -8*o(u) + 3*w(u). List the prime factors of s(-1).
2, 3
Let y = -2 - -7. Let f(g) = 9*g - 5. List the prime factors of f(y).
2, 5
Let m be (-24)/(-9)*(-18)/8. What are the prime factors of (-8)/m*(-90)/(-12)?
2, 5
Let i be 44/8 - 2/4. Suppose 0*v + 25 = i*v. List the prime factors of v.
5
Let f be (-2)/(-8) - 63/(-4). Let r = -10 + f. Suppose 4*a + h = 39, -2*a - 4*h = -r*a + 24. What are the prime factors of a?
3
Suppose -5*f + 8 = -3*x, -4*x + 3*x = -3*f + 4. Let a be (47 - 1) + -2 - f. Suppose 2*g - 25 = i, 2*i - 6*i + a = 5*g. List the prime factors of g.
11
Let x be 0/(6/(-3) + 1). Suppose 2*d - 2 = x, 3*c - 13 = 2*d - 3*d. List the prime factors of c.
2
What are the prime factors of 790/25 - 4/(-10)?
2
Let r be (1/2)/((-4)/(-24)). Suppose -5*w - 2 = r*h - 38, -20 = -4*w + 2*h. Let q = w - -1. List the prime factors of q.
7
Suppose -15 = 3*x, f = 5*f + 4*x + 12. Let i = 12 + f. What are the prime factors of i?
2, 7
Suppose -28 = -2*r - 5*x + 13, -x = 5*r - 45. List the prime factors of r.
2
Suppose 2*r + 11 = 3*k, k = 3*r + 1 - 2. Suppose 8 = k*l - l - 3*h, -3*l - 4*h = -6. Suppose -l*g + 12 = g. List the prime factors of g.
2
Suppose 9*f - 821 = 205. List the prime factors of f.
2, 3, 19
What are the prime factors of ((-114)/9)/(8/(-12))?
19
Let j(i) be the first derivative of i**2/2 + 14*i - 5. What are the prime factors of j(-6)?
2
Let d(q) = 62*q**2 + 4*q + 5. Let s be d(-5). Suppose -5*j = s - 195. List the prime factors of 4/(-22) - j/22.
2, 3
List the prime factors of 18/(-27)*-86*(-9)/(-6).
2, 43
Let w = -166 + 112. Let q = -31 - w. List the prime factors of q.
23
What are the prime factors of (-11 + -45)*2/(-4)?
2, 7
Suppose v + 4 = -s, 0*s + 4*s + 21 = -5*v. List the prime factors of (-2)/v - 133/(-5).
3
Suppose z - 5*v = 57, -5*z + 173 = 5*v + 8. Let i = -19 + z. Suppose g - i = -2*g. List the prime factors of g.
2, 3
Suppose 0 = 4*p - 2*c - 12, 0 = c + 4*c. Suppose 0 = p*d + 2*d - 35. What are the prime factors of d?
7
Let y = 346 - 60. What are the prime factors of y?
2, 11, 13
Let z(h) = h + 14. Let n be z(-11). Let s(k) = k. Let u be s(6). Let f = u + n. What are the prime factors of f?
3
Suppose 25 + 1 = 2*a. Let c = a + -7. What are the prime factors of (-27)/c*(-4)/3?
2, 3
Let z(j) = j**3 + 13*j**2 - 19*j + 4. List the prime factors of z(-14).
2, 37
Suppose 13 = -v + 92. What are the prime factors of v?
79
Suppose 0 - 13 = q. Let j be -2 - (3/1 - 35). Let d = q + j. List the prime factors of d.
17
Let c(s) = -s**2 + 6*s - 2. Let v be c(5). Suppose 6*d - v*d - 6 = 0. Suppose 2*i = -k - 4, 2 = 2*k + 2*k + d*i. List the prime factors of k.
2
Let x be 100/(-15) - (-2)/3. List the prime factors of (0 - 2)*75/x.
5
Suppose 4*l - 5*x = -129 + 444, 0 = 5*l + 5*x - 360. Suppose -l = 4*m - 9*m. List the prime factors of m.
3, 5
Let k = 4 - 1. Suppose -2*d - 3*z + 3 = 0, 10*d - 4*z - 42 = 5*d. Let a = k + d. What are the prime factors of a?
3
Let w = 13 + -21. Let t = w + 16. What are the prime factors of t?
2
Let a(m) = 11*m + 1. Let x be a(-1). Let q = x - -17. What are the prime factors of q?
7
Suppose 0 = -4*f - 15 + 3. Let l = f - 0. What are the prime factors of (-2 - l) + 11 - -2?
2, 7
Suppose -5*b = 2*n - 4*n + 206, b + 469 = 5*n. List the prime factors of n.
3, 31
Let d be -10*1/(-5)*2. Let q(a) be the second derivative of -a**4/12 + 2*a**3/3 + 2*a**2 + 6*a. What are the prime factors of q(d)?
2
Suppose 0 = -20*f + 16*f + 140. What are the prime factors of f?
5, 7
Let h(d) be the first derivative of -2 + d**2 + 0*d + 5/3*d**3 + 1/4*d**4. What are the prime factors of h(-4)?
2
Let h(v) = 2*v + 0*v - 2 - 3*v. List the prime factors of h(-12).
2, 5
Let x(o) = o**3 - o**2 + o - 2. List the prime factors of x(2).
2
Let r(i) = -7*i**3 + 23*i**2 - 23*i + 25. Let k(v) = -10*v**3 + 34*v**2 - 34*v + 37. Let m(x) = 5*k(x) - 7*r(x). What are the prime factors of m(8)?
2
Let a = 59 + 3. Suppose 46 = 3*q - 5*b, 4*q - 85 - 23 = -5*b. Suppose 4*g - a = q. List the prime factors of g.
3, 7
Suppose 0*l - 10 = -2*l. Suppose 0 = -a + l*a - 36. List the prime factors of a.
3
List the prime factors of 6*((-183)/(-9) + -2).
2, 5, 11
Suppose 5*t - t = 96. List the prime factors of t.
2, 3
Suppose 3*s = -3*s - 66. Let h = s - -21. What are the prime factors of h?
2, 5
Let u be (-2)/(-2) - (-916 + 8). What are the prime factors of (-2)/7 - u/(-21)?
43
Suppose 0 = -i + 265 + 27. List the prime factors of i.
2, 73
List the prime factors of (4 - (-124)/8)*(-34)/(-3).
13, 17
Let y be 2*3/(-3 - 0). List the prime factors of y/8 + 13/4.
3
Suppose n - 4*x - 30 = -96, 0 = 5*n + 5*x + 355. What are the prime factors of ((-3)/(-6))/((-5)/n)?
7
Let s(o) = o + 11. What are the prime factors of s(8)?
19
Let w(g) = -g. Let l = -65 + 37. Let y be 1/3 + l/12. What are the prime factors of w(y)?
2
Let h(l) = -l - 3. Let y be h(-5). List the prime factors of -1*y - (-3 - 1).
2
Suppose -2 - 6 = 4*c. Let t = c + 4. What are the prime factors of t + 1 + 3 + -1?
5
Let x be (-8)/3*(-3)/2. Let s(d) = 9*d + 1. Let f be s(x). Suppose 3*l = 8 + f. What are the prime factors of l?
3, 5
Suppose 3*w - 5*b = 7*w - 5, 5*w - 4*b = 37. Suppose h - w*h = -72. What are the prime factors of h?
2, 3
Let v = 8 - 4. Let f(m) = m**3 + 7*m**2 + m. Let w be f(-5). Suppose -v*j = j - w. List the prime factors of j.
3
Suppose -50 = -5*a + 5*l, 0*a = 3*a + l - 14. List the prime factors of -57*(-4)/a - 1.
37
Suppose m = 3*d + 33, -4*m + 52 = 6*d - 2*d. Suppose 2*s = h + 63, 4*h - m = s - 2*s. List the prime factors of (-8)/28 - s/(-7).
2
Let o(p) = -2*p - 12. Let i(d) = -2*d**2